{"id":6,"date":"2016-11-25T12:50:54","date_gmt":"2016-11-25T12:50:54","guid":{"rendered":"http:\/\/serwer341089.lh.pl\/autoinstalator\/serwer341089.lh.pl\/wordpress109543\/?page_id=6"},"modified":"2025-08-12T17:31:06","modified_gmt":"2025-08-12T15:31:06","slug":"rogowski","status":"publish","type":"page","link":"https:\/\/rogowskikrawiectwo.pl\/index.php\/rogowski\/","title":{"rendered":"Rogowski\u00ae Manufaktura Krawiecka"},"content":{"rendered":"<div class=\"wpb-content-wrapper\"><p>[vc_row][vc_column][\/vc_column][\/vc_row][vc_row][vc_column width=&#8221;1\/2&#8243;][vc_empty_space hide_on_mobile=&#8221;&#8221;][vc_empty_space alter_height=&#8221;small&#8221; hide_on_mobile=&#8221;&#8221;][vc_images_carousel images=&#8221;1506&#8243; img_size=&#8221;500&#215;250&#8243; autoplay=&#8221;yes&#8221; hide_prev_next_buttons=&#8221;yes&#8221;][\/vc_column][vc_column width=&#8221;1\/2&#8243;][vc_empty_space alter_height=&#8221;small&#8221; hide_on_mobile=&#8221;&#8221;]<div id=\"sc_title_1317746297\"\n\t\tclass=\"sc_title sc_title_default\"><h3 class=\"sc_item_title sc_title_title sc_align_default sc_item_title_style_default\">Rogowski\u00ae Manufaktura Krawiecka<\/h3><div class=\"sc_item_subtitle_container  sc_align_default sc_item_title_style_default\"><h6 class=\"sc_item_subtitle sc_title_subtitle sc_item_title_style_default\">Elegancja z podej\u015bciem indywidualnym<\/h6><\/div><div class=\"sc_item_descr sc_title_descr sc_align_default\">Marka Rogowski\u00ae Manufaktura Krawiecka powsta\u0142a jako odpowied\u017a na rosn\u0105ce potrzeby klient\u00f3w indywidualnych, poszukuj\u0105cych klasycznej elegancji i doskona\u0142ego dopasowania.<br \/>\nW naszych salonach tworzymy garnitury \u015blubne, ubrania szyte na miar\u0119 oraz kolekcje gotowe do noszenia \u2013 z pe\u0142nym szacunkiem do sylwetki, stylu i osobowo\u015bci ka\u017cdego klienta.<br \/>\nKa\u017cdy Nasz projekt to efekt indywidualnego podej\u015bcia, starannego doradztwa i rzemie\u015blniczej precyzji.<br \/>\nTo w\u0142a\u015bnie w salonach Rogowski\u00ae Manufaktura Krawiecka spotykaj\u0105 si\u0119 styl, komfort i tradycja \u2013 zinterpretowane na nowo.<\/div><\/div><!-- \/.sc_title -->[vc_empty_space hide_on_mobile=&#8221;&#8221;][vc_empty_space alter_height=&#8221;medium&#8221; hide_on_mobile=&#8221;&#8221;]<div class=\"sc_item_button sc_button_wrap\"><a href=\"\/index.php\/manufaktura\/\" id=\"sc_button_674378521\" class=\"sc_button sc_button_default sc_button_size_normal sc_button_icon_left\"><span class=\"sc_button_text\"><span class=\"sc_button_title\">Dowiedz si\u0119 wi\u0119cej!<\/span><\/span><!-- \/.sc_button_text --><\/a><!-- \/.sc_button --><\/div><!-- \/.sc_item_button -->[\/vc_column][\/vc_row]<\/p>\n<\/div>","protected":false},"excerpt":{"rendered":"<p>[vc_row][vc_column][\/vc_column][\/vc_row][vc_row][vc_column width=&#8221;1\/2&#8243;][vc_empty_space hide_on_mobile=&#8221;&#8221;][vc_empty_space alter_height=&#8221;small&#8221; hide_on_mobile=&#8221;&#8221;][vc_images_carousel images=&#8221;1506&#8243; img_size=&#8221;500&#215;250&#8243; autoplay=&#8221;yes&#8221; hide_prev_next_buttons=&#8221;yes&#8221;][\/vc_column][vc_column width=&#8221;1\/2&#8243;][vc_empty_space alter_height=&#8221;small&#8221; hide_on_mobile=&#8221;&#8221;][vc_empty_space hide_on_mobile=&#8221;&#8221;][vc_empty_space alter_height=&#8221;medium&#8221; hide_on_mobile=&#8221;&#8221;][\/vc_column][\/vc_row]<\/p>\n","protected":false},"author":1,"featured_media":0,"parent":0,"menu_order":0,"comment_status":"closed","ping_status":"closed","template":"","meta":{"_gspb_post_css":"","footnotes":""},"class_list":["post-6","page","type-page","status-publish","hentry"],"_links":{"self":[{"href":"https:\/\/rogowskikrawiectwo.pl\/index.php\/wp-json\/wp\/v2\/pages\/6","targetHints":{"allow":["GET"]}}],"collection":[{"href":"https:\/\/rogowskikrawiectwo.pl\/index.php\/wp-json\/wp\/v2\/pages"}],"about":[{"href":"https:\/\/rogowskikrawiectwo.pl\/index.php\/wp-json\/wp\/v2\/types\/page"}],"author":[{"embeddable":true,"href":"https:\/\/rogowskikrawiectwo.pl\/index.php\/wp-json\/wp\/v2\/users\/1"}],"replies":[{"embeddable":true,"href":"https:\/\/rogowskikrawiectwo.pl\/index.php\/wp-json\/wp\/v2\/comments?post=6"}],"version-history":[{"count":7,"href":"https:\/\/rogowskikrawiectwo.pl\/index.php\/wp-json\/wp\/v2\/pages\/6\/revisions"}],"predecessor-version":[{"id":1736,"href":"https:\/\/rogowskikrawiectwo.pl\/index.php\/wp-json\/wp\/v2\/pages\/6\/revisions\/1736"}],"wp:attachment":[{"href":"https:\/\/rogowskikrawiectwo.pl\/index.php\/wp-json\/wp\/v2\/media?parent=6"}],"curies":[{"name":"wp","href":"https:\/\/api.w.org\/{rel}","templated":true}]}}