{"id":29,"date":"2016-11-25T14:56:23","date_gmt":"2016-11-25T14:56:23","guid":{"rendered":"http:\/\/serwer341089.lh.pl\/autoinstalator\/serwer341089.lh.pl\/wordpress109543\/?page_id=29"},"modified":"2025-08-12T17:28:49","modified_gmt":"2025-08-12T15:28:49","slug":"nasza-historia","status":"publish","type":"page","link":"https:\/\/rogowskikrawiectwo.pl\/index.php\/nasza-historia\/","title":{"rendered":"Nasza historia!"},"content":{"rendered":"<div class=\"wpb-content-wrapper\"><p>[vc_row][vc_column][vc_empty_space height=&#8221;&#8221; alter_height=&#8221;small&#8221; hide_on_mobile=&#8221;&#8221;][vc_empty_space height=&#8221;&#8221; alter_height=&#8221;small&#8221; hide_on_mobile=&#8221;&#8221;][vc_empty_space height=&#8221;&#8221; alter_height=&#8221;small&#8221; hide_on_mobile=&#8221;&#8221;][\/vc_column][\/vc_row][vc_row][vc_column width=&#8221;1\/2&#8243; offset=&#8221;vc_col-md-5&#8243;][vc_empty_space height=&#8221;&#8221; alter_height=&#8221;small&#8221; hide_on_mobile=&#8221;&#8221;][vc_empty_space height=&#8221;&#8221; alter_height=&#8221;small&#8221; hide_on_mobile=&#8221;&#8221;][vc_gallery interval=&#8221;3&#8243; images=&#8221;1523&#8243; img_size=&#8221;large&#8221;][vc_empty_space alter_height=&#8221;medium&#8221; hide_on_mobile=&#8221;&#8221;]<div id=\"sc_title_1233462920\"\n\t\tclass=\"sc_title sc_title_default\"><div class=\"sc_item_subtitle_container  sc_align_center sc_item_title_style_style_h1\"><h6 class=\"sc_item_subtitle sc_title_subtitle sc_item_title_style_style_h1\">Nasza filozofia<\/h6><\/div><div class=\"sc_item_descr sc_title_descr sc_align_center\">Stawiamy na jako\u015b\u0107. Na precyzj\u0119. Na relacje.<br \/>\nTworzymy ubrania, kt\u00f3re przetrwaj\u0105 pr\u00f3b\u0119 czasu \u2013 bo s\u0105 dobrze zaprojektowane, \u015bwietnie skrojone i powstaj\u0105 z najlepszych europejskich tkanin w naszym w\u0142asnym zak\u0142adzie.<\/p>\n<p>Wybieramy polsk\u0105 produkcj\u0119, polski zesp\u00f3\u0142 i lokalne rzemios\u0142o \u2013 z przekonaniem, \u017ce to w\u0142a\u015bnie one s\u0105 dzi\u015b najwi\u0119ksz\u0105 warto\u015bci\u0105.<\/div><\/div><!-- \/.sc_title -->[vc_empty_space alter_height=&#8221;small&#8221; hide_on_mobile=&#8221;&#8221;]<div id=\"sc_title_1884662913\"\n\t\tclass=\"sc_title sc_title_default\"><div class=\"sc_item_subtitle_container  sc_align_center sc_item_title_style_style_h1\"><h6 class=\"sc_item_subtitle sc_title_subtitle sc_item_title_style_style_h1\">Nasze warto\u015bci:<\/h6><\/div><div class=\"sc_item_descr sc_title_descr sc_align_center\">\u2022100% produkcji w Polsce<br \/>\n\u2022W\u0142asny zak\u0142ad \u2013 pe\u0142na kontrola nad jako\u015bci\u0105<br \/>\n\u2022W\u0142asna sie\u0107 salon\u00f3w firmowych<br \/>\n\u2022Rodzinna firma \u2013 ponad 40 lat do\u015bwiadczenia<br \/>\n\u2022Indywidualne podej\u015bcie do ka\u017cdego klienta<\/p>\n<p>Nie idziemy na skr\u00f3ty. Od projektu, przez tkanin\u0119, po ostatni guzik \u2013 tworzymy rzeczy trwa\u0142e, nietuzinkowe, uczciwie wykonane i przede wszystkim dopasowane do indywidualnych preferencji.<\/div><\/div><!-- \/.sc_title -->[\/vc_column][vc_column width=&#8221;1\/2&#8243; offset=&#8221;vc_col-md-7&#8243;][vc_empty_space height=&#8221;&#8221; hide_on_mobile=&#8221;&#8221;][vc_empty_space height=&#8221;&#8221; alter_height=&#8221;small&#8221; hide_on_mobile=&#8221;&#8221;][vc_row_inner][vc_column_inner offset=&#8221;vc_col-md-offset-1 vc_col-md-11&#8243;]<div id=\"sc_title_147872457\"\n\t\tclass=\"sc_title sc_title_default\"><h3 class=\"sc_item_title sc_title_title sc_align_center sc_item_title_style_style_h1\">Z szacunku do tradycji<\/h3><div class=\"sc_item_subtitle_container  sc_align_center sc_item_title_style_style_h1\"><h6 class=\"sc_item_subtitle sc_title_subtitle sc_item_title_style_style_h1\">Historia firmy<\/h6><\/div><div class=\"sc_item_descr sc_title_descr sc_align_center\">Historia Rogowski Manufaktura to historia pasji, rzemios\u0142a i rodzinnych warto\u015bci.<br \/>\nJej pocz\u0105tki si\u0119gaj\u0105 1980 roku, gdy Andrzej Rogowski \u2013 zainspirowany dziedzictwem swojego ojca Karola Rogowskiego\u2013 zacz\u0105\u0142 samodzielnie projektowa\u0107 i szy\u0107 odzie\u017c m\u0119sk\u0105 na indywidualne zam\u00f3wienie. Od pierwszych kroj\u00f3w szytych w pojedynk\u0119, przez rozw\u00f3j pracowni, a\u017c po w\u0142asny zak\u0142ad produkcyjny i sie\u0107 w\u0142asnych salon\u00f3w firmowych\u2013 ka\u017cdy etap by\u0142 \u015bwiadom\u0105 decyzj\u0105 budowan\u0105 na solidnych fundamentach.<br \/>\nFirm\u0119 prowadz\u0105 dzi\u015b wsp\u00f3lnie Andrzej Rogowski\u2013 za\u0142o\u017cyciel i tw\u00f3rca marki Roland \u2013 oraz jego syn Jakub Rogowski, rozwijaj\u0105c firm\u0119 w oparciu o ci\u0105g\u0142o\u015b\u0107 pokole\u0144, wzajemne zaufanie i wsp\u00f3lne warto\u015bci, kt\u00f3re towarzyszy\u0142y jej od pocz\u0105tku: uczciwo\u015b\u0107, odpowiedzialno\u015b\u0107 i szacunek do rzemios\u0142a.<br \/>\nTo dzi\u0119ki temu zachowujemy sp\u00f3jno\u015b\u0107 i autentyczno\u015b\u0107 \u2013 zar\u00f3wno w produktach, jak i relacjach.<br \/>\nWierzymy, \u017ce marka z prawdziw\u0105 to\u017csamo\u015bci\u0105 to taka, kt\u00f3ra ma korzenie, wizj\u0119 i ludzi, kt\u00f3rzy stoj\u0105 za ka\u017cdym jej elementem.<\/div><\/div><!-- \/.sc_title -->[vc_empty_space height=&#8221;2.3rem&#8221; alter_height=&#8221;none&#8221; hide_on_mobile=&#8221;&#8221;][\/vc_column_inner][\/vc_row_inner][vc_images_carousel images=&#8221;1528&#8243; img_size=&#8221;650&#215;500&#8243; hide_prev_next_buttons=&#8221;yes&#8221;][\/vc_column][\/vc_row][vc_row][vc_column][vc_empty_space height=&#8221;&#8221; alter_height=&#8221;small&#8221; hide_on_mobile=&#8221;&#8221;][vc_empty_space height=&#8221;&#8221; alter_height=&#8221;small&#8221; hide_on_mobile=&#8221;&#8221;][vc_separator border_width=&#8221;3&#8243;][vc_empty_space height=&#8221;&#8221; alter_height=&#8221;small&#8221; hide_on_mobile=&#8221;&#8221;][vc_empty_space height=&#8221;&#8221; alter_height=&#8221;small&#8221; hide_on_mobile=&#8221;&#8221;][vc_empty_space height=&#8221;&#8221; alter_height=&#8221;small&#8221; hide_on_mobile=&#8221;&#8221;][\/vc_column][\/vc_row][vc_row][vc_column][vc_empty_space height=&#8221;&#8221; alter_height=&#8221;small&#8221; hide_on_mobile=&#8221;&#8221;][vc_empty_space height=&#8221;&#8221; alter_height=&#8221;medium&#8221; hide_on_mobile=&#8221;&#8221;][vc_empty_space height=&#8221;&#8221; alter_height=&#8221;medium&#8221; hide_on_mobile=&#8221;&#8221;]<div id=\"sc_title_1041606171\"\n\t\tclass=\"sc_title sc_title_default\"><h3 class=\"sc_item_title sc_title_title sc_align_center sc_item_title_style_default\">Nasza galeria!<\/h3><\/div><!-- \/.sc_title -->[vc_empty_space height=&#8221;&#8221; alter_height=&#8221;medium&#8221; hide_on_mobile=&#8221;&#8221;][vc_empty_space height=&#8221;2.3rem&#8221; alter_height=&#8221;none&#8221; hide_on_mobile=&#8221;&#8221;][vc_empty_space height=&#8221;&#8221; alter_height=&#8221;small&#8221; hide_on_mobile=&#8221;&#8221;]<div class=\"sc_item_button sc_button_wrap sc_align_center\"><a href=\"\/index.php\/galeria-6\/\" id=\"sc_button_1256628541\" class=\"sc_button sc_button_default sc_button_size_normal sc_button_icon_left\"><span class=\"sc_button_text\"><span class=\"sc_button_title\">Zobacz!<\/span><\/span><!-- \/.sc_button_text --><\/a><!-- \/.sc_button --><\/div><!-- \/.sc_item_button -->[vc_empty_space height=&#8221;&#8221; alter_height=&#8221;medium&#8221; hide_on_mobile=&#8221;&#8221;][\/vc_column][\/vc_row][vc_row][vc_column][vc_empty_space height=&#8221;2.15rem&#8221; alter_height=&#8221;none&#8221; hide_on_mobile=&#8221;&#8221;][vc_separator color=&#8221;custom&#8221; css=&#8221;.vc_custom_1482236490778{margin-top: 0px !important;margin-bottom: 0px !important;}&#8221; accent_color=&#8221;#e8d7c2&#8243;][vc_empty_space height=&#8221;0.8rem&#8221; alter_height=&#8221;none&#8221; hide_on_mobile=&#8221;&#8221;][\/vc_column][\/vc_row][vc_row][vc_column width=&#8221;5\/6&#8243; offset=&#8221;vc_col-lg-offset-1 vc_col-lg-10 vc_col-md-offset-1 vc_col-md-10 vc_col-sm-offset-1 vc_col-xs-12&#8243;][vc_row_inner][vc_column_inner width=&#8221;1\/2&#8243; offset=&#8221;vc_col-lg-4 vc_col-md-4&#8243;][vc_empty_space height=&#8221;&#8221; alter_height=&#8221;small&#8221; hide_on_mobile=&#8221;&#8221;]<div id=\"sc_icons_682082265\" \n\tclass=\"sc_icons sc_icons_modern sc_icons_size_medium sc_align_left\"><div class=\"sc_icons_item sc_icons_item_linked\"><div id=\"sc_icons_682082265_icon-facebook\" class=\"sc_icons_icon sc_icon_type_fontawesome icon-facebook\"\n\t\t\t\t\t\t\t\t\t\t\t\t><span class=\"sc_icon_type_fontawesome icon-facebook\"><\/span><\/div>\t\t\t<div class=\"sc_icons_item_description\">\n\t\t\t<h4 class=\"sc_icons_title\"><span>Nasz Facebook!<\/span><\/h4>\t\t\t<\/div><a href=\"https:\/\/www.facebook.com\/rolandmoda\" class=\"sc_icons_link\" target=\"_blank\" rel=\"noopener\"><\/a><\/div><\/div><!-- \/.sc_icons -->[vc_empty_space height=&#8221;&#8221; alter_height=&#8221;small&#8221; hide_on_mobile=&#8221;&#8221;][\/vc_column_inner][vc_column_inner width=&#8221;1\/2&#8243; offset=&#8221;vc_col-lg-4 vc_col-md-4&#8243;][vc_empty_space height=&#8221;&#8221; alter_height=&#8221;small&#8221; hide_on_mobile=&#8221;&#8221;][vc_empty_space height=&#8221;&#8221; alter_height=&#8221;small&#8221; hide_on_mobile=&#8221;&#8221;][\/vc_column_inner][vc_column_inner width=&#8221;1\/2&#8243; offset=&#8221;vc_col-lg-4 vc_col-md-4&#8243;][vc_empty_space height=&#8221;&#8221; alter_height=&#8221;small&#8221; hide_on_mobile=&#8221;&#8221;]<div id=\"sc_icons_1367607443\" \n\tclass=\"sc_icons sc_icons_modern sc_icons_size_medium sc_align_left\"><div class=\"sc_icons_item sc_icons_item_linked\"><div id=\"sc_icons_1367607443_icon-instagramm\" class=\"sc_icons_icon sc_icon_type_fontawesome icon-instagramm\"\n\t\t\t\t\t\t\t\t\t\t\t\t><span class=\"sc_icon_type_fontawesome icon-instagramm\"><\/span><\/div>\t\t\t<div class=\"sc_icons_item_description\">\n\t\t\t<h4 class=\"sc_icons_title\"><span>Nasz Instagram!<\/span><\/h4>\t\t\t<\/div><a href=\"https:\/\/www.instagram.com\/rogowskimanufaktura\/\" class=\"sc_icons_link\" target=\"_blank\" rel=\"noopener\"><\/a><\/div><\/div><!-- \/.sc_icons -->[vc_empty_space height=&#8221;&#8221; alter_height=&#8221;small&#8221; hide_on_mobile=&#8221;&#8221;][\/vc_column_inner][\/vc_row_inner][\/vc_column][\/vc_row][vc_row][vc_column][vc_empty_space height=&#8221;0.5rem&#8221; alter_height=&#8221;none&#8221; hide_on_mobile=&#8221;&#8221;][vc_separator color=&#8221;custom&#8221; css=&#8221;.vc_custom_1482236496442{margin-top: 0px !important;margin-bottom: 0px !important;}&#8221; accent_color=&#8221;#e8d7c2&#8243;][\/vc_column][\/vc_row][vc_row][vc_column][vc_empty_space height=&#8221;&#8221; hide_on_mobile=&#8221;&#8221;][vc_empty_space height=&#8221;&#8221; alter_height=&#8221;small&#8221; hide_on_mobile=&#8221;&#8221;][vc_empty_space height=&#8221;&#8221; alter_height=&#8221;medium&#8221; hide_on_mobile=&#8221;&#8221;][\/vc_column][\/vc_row]<\/p>\n<\/div>","protected":false},"excerpt":{"rendered":"<p>[vc_row][vc_column][vc_empty_space height=&#8221;&#8221; alter_height=&#8221;small&#8221; hide_on_mobile=&#8221;&#8221;][vc_empty_space height=&#8221;&#8221; alter_height=&#8221;small&#8221; hide_on_mobile=&#8221;&#8221;][vc_empty_space height=&#8221;&#8221; alter_height=&#8221;small&#8221; hide_on_mobile=&#8221;&#8221;][\/vc_column][\/vc_row][vc_row][vc_column width=&#8221;1\/2&#8243; offset=&#8221;vc_col-md-5&#8243;][vc_empty_space height=&#8221;&#8221; alter_height=&#8221;small&#8221; hide_on_mobile=&#8221;&#8221;][vc_empty_space height=&#8221;&#8221; alter_height=&#8221;small&#8221; hide_on_mobile=&#8221;&#8221;][vc_gallery interval=&#8221;3&#8243; images=&#8221;1523&#8243; img_size=&#8221;large&#8221;][vc_empty_space alter_height=&#8221;medium&#8221; hide_on_mobile=&#8221;&#8221;][vc_empty_space alter_height=&#8221;small&#8221; hide_on_mobile=&#8221;&#8221;][\/vc_column][vc_column width=&#8221;1\/2&#8243; offset=&#8221;vc_col-md-7&#8243;][vc_empty_space height=&#8221;&#8221; hide_on_mobile=&#8221;&#8221;][vc_empty_space height=&#8221;&#8221; alter_height=&#8221;small&#8221; hide_on_mobile=&#8221;&#8221;][vc_row_inner][vc_column_inner offset=&#8221;vc_col-md-offset-1 vc_col-md-11&#8243;][vc_empty_space height=&#8221;2.3rem&#8221; alter_height=&#8221;none&#8221; hide_on_mobile=&#8221;&#8221;][\/vc_column_inner][\/vc_row_inner][vc_images_carousel images=&#8221;1528&#8243; img_size=&#8221;650&#215;500&#8243; hide_prev_next_buttons=&#8221;yes&#8221;][\/vc_column][\/vc_row][vc_row][vc_column][vc_empty_space height=&#8221;&#8221; alter_height=&#8221;small&#8221; hide_on_mobile=&#8221;&#8221;][vc_empty_space height=&#8221;&#8221; alter_height=&#8221;small&#8221; hide_on_mobile=&#8221;&#8221;][vc_separator border_width=&#8221;3&#8243;][vc_empty_space height=&#8221;&#8221; alter_height=&#8221;small&#8221; hide_on_mobile=&#8221;&#8221;][vc_empty_space height=&#8221;&#8221; alter_height=&#8221;small&#8221; hide_on_mobile=&#8221;&#8221;][vc_empty_space height=&#8221;&#8221; alter_height=&#8221;small&#8221; hide_on_mobile=&#8221;&#8221;][\/vc_column][\/vc_row][vc_row][vc_column][vc_empty_space height=&#8221;&#8221; alter_height=&#8221;small&#8221; hide_on_mobile=&#8221;&#8221;][vc_empty_space height=&#8221;&#8221;&hellip;<\/p>\n","protected":false},"author":1,"featured_media":0,"parent":0,"menu_order":0,"comment_status":"closed","ping_status":"closed","template":"","meta":{"_gspb_post_css":"","footnotes":""},"class_list":["post-29","page","type-page","status-publish","hentry"],"_links":{"self":[{"href":"https:\/\/rogowskikrawiectwo.pl\/index.php\/wp-json\/wp\/v2\/pages\/29","targetHints":{"allow":["GET"]}}],"collection":[{"href":"https:\/\/rogowskikrawiectwo.pl\/index.php\/wp-json\/wp\/v2\/pages"}],"about":[{"href":"https:\/\/rogowskikrawiectwo.pl\/index.php\/wp-json\/wp\/v2\/types\/page"}],"author":[{"embeddable":true,"href":"https:\/\/rogowskikrawiectwo.pl\/index.php\/wp-json\/wp\/v2\/users\/1"}],"replies":[{"embeddable":true,"href":"https:\/\/rogowskikrawiectwo.pl\/index.php\/wp-json\/wp\/v2\/comments?post=29"}],"version-history":[{"count":17,"href":"https:\/\/rogowskikrawiectwo.pl\/index.php\/wp-json\/wp\/v2\/pages\/29\/revisions"}],"predecessor-version":[{"id":1735,"href":"https:\/\/rogowskikrawiectwo.pl\/index.php\/wp-json\/wp\/v2\/pages\/29\/revisions\/1735"}],"wp:attachment":[{"href":"https:\/\/rogowskikrawiectwo.pl\/index.php\/wp-json\/wp\/v2\/media?parent=29"}],"curies":[{"name":"wp","href":"https:\/\/api.w.org\/{rel}","templated":true}]}}