{"id":164,"date":"2016-11-29T09:44:09","date_gmt":"2016-11-29T09:44:09","guid":{"rendered":"http:\/\/serwer341089.lh.pl\/autoinstalator\/serwer341089.lh.pl\/wordpress109543\/?page_id=164"},"modified":"2025-08-11T11:01:25","modified_gmt":"2025-08-11T09:01:25","slug":"manufaktura","status":"publish","type":"page","link":"https:\/\/rogowskikrawiectwo.pl\/index.php\/manufaktura\/","title":{"rendered":"O manufakturze"},"content":{"rendered":"<div class=\"wpb-content-wrapper\"><p>[vc_row][vc_column css_animation=&#8221;fadeInDown&#8221;]<div id=\"sc_title_1437868376\"\n\t\tclass=\"sc_title sc_title_default\"><h3 class=\"sc_item_title sc_title_title sc_align_center sc_item_title_style_style_h1\">Krawiectwo miarowe<\/h3><div class=\"sc_item_subtitle_container  sc_align_center sc_item_title_style_style_h1\"><h6 class=\"sc_item_subtitle sc_title_subtitle sc_item_title_style_style_h1\">Styl osobisty. Jako\u015b\u0107, kt\u00f3ra zostaje.<\/h6><\/div><div class=\"sc_item_descr sc_title_descr sc_align_center\">Rogowski Manufaktura Krawiecka to marka stworzona dla m\u0119\u017cczyzn, kt\u00f3rzy ceni\u0105 autentyczn\u0105 elegancj\u0119, perfekcyjne dopasowanie i rzemie\u015blnicz\u0105 jako\u015b\u0107.<br \/>\nOd pierwszej rozmowy, przez dob\u00f3r tkanin i konstrukcj\u0119, a\u017c po gotowy garnitur \u2013 ka\u017cdy etap to wsp\u00f3lny proces, kt\u00f3rego efektem jest ubranie szyte na miar\u0119 Twojej sylwetki, okazji i osobowo\u015bci.<\/div><\/div><!-- \/.sc_title -->[vc_row_inner][vc_column_inner][vc_empty_space height=&#8221;128px&#8221; alter_height=&#8221;large&#8221; hide_on_mobile=&#8221;&#8221;][vc_empty_space height=&#8221;128px&#8221; alter_height=&#8221;large&#8221; hide_on_mobile=&#8221;&#8221;][\/vc_column_inner][\/vc_row_inner][\/vc_column][\/vc_row][vc_row][vc_column width=&#8221;7\/12&#8243;][vc_images_carousel images=&#8221;1512,1513,1514&#8243; img_size=&#8221;600&#215;400&#8243; mode=&#8221;vertical&#8221; autoplay=&#8221;yes&#8221; hide_prev_next_buttons=&#8221;yes&#8221; wrap=&#8221;yes&#8221;][vc_empty_space alter_height=&#8221;medium&#8221; hide_on_mobile=&#8221;&#8221;]<div id=\"sc_title_1985394870\"\n\t\tclass=\"sc_title sc_title_default\"><div class=\"sc_item_subtitle_container  sc_align_default sc_item_title_style_default\"><h6 class=\"sc_item_subtitle sc_title_subtitle sc_item_title_style_default\">Gotowe kolekcje (RTW)<\/h6><\/div><div class=\"sc_item_descr sc_title_descr sc_align_default\">Dla tych, kt\u00f3rzy ceni\u0105 gotowe rozwi\u0105zania \u2013 przygotowujemy kolekcje Ready-to-Wear, oparte na naszym do\u015bwiadczeniu i estetyce. To ubrania dost\u0119pne od r\u0119ki, ale z mo\u017cliwo\u015bci\u0105 dopasowania do sylwetki<\/div><\/div><!-- \/.sc_title --><div id=\"sc_title_981110644\"\n\t\tclass=\"sc_title sc_title_default\"><div class=\"sc_item_subtitle_container  sc_align_default sc_item_title_style_default\"><h6 class=\"sc_item_subtitle sc_title_subtitle sc_item_title_style_default\">Dodatki<\/h6><\/div><div class=\"sc_item_descr sc_title_descr sc_align_default\">Koszule, krawaty, muchy, poszetki, paski, buty \u2013 dodatki, kt\u00f3re uzupe\u0142niaj\u0105 ca\u0142o\u015b\u0107 stylizacji i pozwalaj\u0105 wyrazi\u0107 siebie w detalach.<\/div><\/div><!-- \/.sc_title -->[\/vc_column][vc_column width=&#8221;5\/12&#8243;]<div id=\"sc_title_1740137789\"\n\t\tclass=\"sc_title sc_title_default\"><h3 class=\"sc_item_title sc_title_title sc_align_default sc_item_title_style_default\">Specjalizacje<\/h3><div class=\"sc_item_subtitle_container  sc_align_default sc_item_title_style_default\"><h6 class=\"sc_item_subtitle sc_title_subtitle sc_item_title_style_default\">Garnitury \u015blubne<\/h6><\/div><div class=\"sc_item_descr sc_title_descr sc_align_default\">Tworzymy stylizacje dla Pan\u00f3w M\u0142odych, kt\u00f3re podkre\u015blaj\u0105 rang\u0119 chwili, a jednocze\u015bnie s\u0105 wygodne, nowoczesne i w pe\u0142ni dopasowane.<br \/>\nPomagamy w wyborze tkanin, kroju, dodatk\u00f3w \u2013 wszystko z my\u015bl\u0105 o estetyce i komforcie w dniu \u015blubu.<\/div><\/div><!-- \/.sc_title --><div id=\"sc_title_1848737685\"\n\t\tclass=\"sc_title sc_title_default\"><div class=\"sc_item_subtitle_container  sc_align_default sc_item_title_style_default\"><h6 class=\"sc_item_subtitle sc_title_subtitle sc_item_title_style_default\">Krawiectwo miarowe<\/h6><\/div><div class=\"sc_item_descr sc_title_descr sc_align_default\">Szyjemy na miar\u0119 garnitury, marynarki, spodnie, kamizelki oraz p\u0142aszcze. Ka\u017cdy projekt powstaje w \u015bcis\u0142ej wsp\u00f3\u0142pracy z klientem \u2013 z zachowaniem zasad klasycznego krawiectwa i nowoczesnego podej\u015bcia do stylu.<\/div><\/div><!-- \/.sc_title -->[vc_empty_space alter_height=&#8221;medium&#8221; hide_on_mobile=&#8221;&#8221;][vc_images_carousel images=&#8221;1516,1517,1518&#8243; img_size=&#8221;500&#215;700&#8243; mode=&#8221;vertical&#8221; autoplay=&#8221;yes&#8221; hide_prev_next_buttons=&#8221;yes&#8221; wrap=&#8221;yes&#8221;][\/vc_column][\/vc_row][vc_row][vc_column][\/vc_column][\/vc_row][vc_row][vc_column][vc_empty_space height=&#8221;1080x&#8221; alter_height=&#8221;huge&#8221; hide_on_mobile=&#8221;&#8221;]<div id=\"sc_title_261923772\"\n\t\tclass=\"sc_title sc_title_default\"><h3 class=\"sc_item_title sc_title_title sc_align_center sc_item_title_style_default\">Jak pracujemy? \u2013 Etapy wsp\u00f3\u0142pracy<\/h3><\/div><!-- \/.sc_title -->[vc_empty_space alter_height=&#8221;medium&#8221; hide_on_mobile=&#8221;&#8221;]<div id=\"sc_title_1491482470\"\n\t\tclass=\"sc_title sc_title_default\"><div class=\"sc_item_subtitle_container  sc_align_default sc_item_title_style_default\"><h6 class=\"sc_item_subtitle sc_title_subtitle sc_item_title_style_default\">1. Konsultacja<\/h6><\/div><div class=\"sc_item_descr sc_title_descr sc_align_default\">Poznajemy potrzeby, okazj\u0119, oczekiwania. Doradzamy, inspirujemy i dobieramy najlepsze rozwi\u0105zania<\/div><\/div><!-- \/.sc_title --><div id=\"sc_title_1767200067\"\n\t\tclass=\"sc_title sc_title_default\"><div class=\"sc_item_subtitle_container  sc_align_default sc_item_title_style_default\"><h6 class=\"sc_item_subtitle sc_title_subtitle sc_item_title_style_default\">2. Dob\u00f3r tkaniny i kroju<\/h6><\/div><div class=\"sc_item_descr sc_title_descr sc_align_default\">Oferujemy bogaty wyb\u00f3r tkanin od najlepszych europejskich producent\u00f3w \u2013 od klasycznej we\u0142ny po luksusowe mieszanki.<\/div><\/div><!-- \/.sc_title --><div id=\"sc_title_266389900\"\n\t\tclass=\"sc_title sc_title_default\"><div class=\"sc_item_subtitle_container  sc_align_default sc_item_title_style_default\"><h6 class=\"sc_item_subtitle sc_title_subtitle sc_item_title_style_default\">3. Pomiary i konstrukcja<\/h6><\/div><div class=\"sc_item_descr sc_title_descr sc_align_default\">Zbieramy szczeg\u00f3\u0142owe pomiary i tworzymy indywidualn\u0105 konstrukcj\u0119 dopasowan\u0105 do sylwetki.<\/div><\/div><!-- \/.sc_title --><div id=\"sc_title_1111495454\"\n\t\tclass=\"sc_title sc_title_default\"><div class=\"sc_item_subtitle_container  sc_align_default sc_item_title_style_default\"><h6 class=\"sc_item_subtitle sc_title_subtitle sc_item_title_style_default\">4. Przymiarki<\/h6><\/div><div class=\"sc_item_descr sc_title_descr sc_align_default\">Proces obejmuje zwykle 1\u20132 przymiarki \u2013 to moment na korekty i dopracowanie ka\u017cdego detalu.<\/div><\/div><!-- \/.sc_title --><div id=\"sc_title_141036602\"\n\t\tclass=\"sc_title sc_title_default\"><div class=\"sc_item_subtitle_container  sc_align_default sc_item_title_style_default\"><h6 class=\"sc_item_subtitle sc_title_subtitle sc_item_title_style_default\">5. Gotowe ubranie<\/h6><\/div><div class=\"sc_item_descr sc_title_descr sc_align_default\">Odbierasz produkt, kt\u00f3ry powsta\u0142 tylko dla Ciebie \u2013 idealnie dopasowany i gotowy do noszenia.<\/div><\/div><!-- \/.sc_title -->[vc_empty_space alter_height=&#8221;huge&#8221; hide_on_mobile=&#8221;&#8221;][vc_empty_space alter_height=&#8221;medium&#8221; hide_on_mobile=&#8221;&#8221;][\/vc_column][\/vc_row][vc_row][vc_column]<div id=\"sc_title_1467049182\"\n\t\tclass=\"sc_title sc_title_default\"><h3 class=\"sc_item_title sc_title_title sc_align_center sc_item_title_style_default\">Dlaczego my?<\/h3><div class=\"sc_item_subtitle_container  sc_align_center sc_item_title_style_default\"><h6 class=\"sc_item_subtitle sc_title_subtitle sc_item_title_style_default\">100% produkcji w Polsce<\/h6><\/div><\/div><!-- \/.sc_title --><div id=\"sc_title_1912460958\"\n\t\tclass=\"sc_title sc_title_default\"><div class=\"sc_item_subtitle_container  sc_align_center sc_item_title_style_default\"><h6 class=\"sc_item_subtitle sc_title_subtitle sc_item_title_style_default\">Pi\u0119\u0107 salon\u00f3w firmowych<\/h6><\/div><\/div><!-- \/.sc_title --><div id=\"sc_title_1464779510\"\n\t\tclass=\"sc_title sc_title_default\"><div class=\"sc_item_subtitle_container  sc_align_center sc_item_title_style_default\"><h6 class=\"sc_item_subtitle sc_title_subtitle sc_item_title_style_default\">Ponad 40 lat do\u015bwiadczenia<\/h6><\/div><\/div><!-- \/.sc_title --><div id=\"sc_title_1146452659\"\n\t\tclass=\"sc_title sc_title_default\"><div class=\"sc_item_subtitle_container  sc_align_center sc_item_title_style_default\"><h6 class=\"sc_item_subtitle sc_title_subtitle sc_item_title_style_default\">Obs\u0142uga, kt\u00f3ra s\u0142ucha i rozumie<\/h6><\/div><\/div><!-- \/.sc_title --><div id=\"sc_title_436267209\"\n\t\tclass=\"sc_title sc_title_default\"><div class=\"sc_item_subtitle_container  sc_align_center sc_item_title_style_default\"><h6 class=\"sc_item_subtitle sc_title_subtitle sc_item_title_style_default\">Rzemios\u0142o, kt\u00f3re nie idzie na skr\u00f3ty<\/h6><\/div><\/div><!-- \/.sc_title --><div id=\"sc_title_1129422202\"\n\t\tclass=\"sc_title sc_title_default\"><div class=\"sc_item_subtitle_container  sc_align_center sc_item_title_style_default\"><h6 class=\"sc_item_subtitle sc_title_subtitle sc_item_title_style_default\">W\u0142asny zak\u0142ad produkcyjny \u2013 pe\u0142na kontrola jako\u015bci<\/h6><\/div><div class=\"sc_item_descr sc_title_descr sc_align_center\">Zapraszamy do kontaktu i wizyty w jednym z naszych salon\u00f3w.<\/p>\n<p>Nasz zesp\u00f3\u0142 stylist\u00f3w i doradc\u00f3w pomo\u017ce stworzy\u0107 garnitur, w kt\u00f3rym poczujesz si\u0119 sob\u0105 \u2013 najlepiej.<\/div><\/div><!-- \/.sc_title -->[vc_empty_space alter_height=&#8221;large&#8221; hide_on_mobile=&#8221;&#8221;][\/vc_column][\/vc_row][vc_row][vc_column][vc_masonry_media_grid element_width=&#8221;12&#8243; grid_id=&#8221;vc_gid:1754902857310-a2177d53a71dd68d4a6ed22c05cc2fb2-10&#8243; include=&#8221;1646&#8243;][\/vc_column][\/vc_row][vc_row][vc_column][vc_empty_space alter_height=&#8221;huge&#8221; hide_on_mobile=&#8221;&#8221;][\/vc_column][\/vc_row]<\/p>\n<\/div>","protected":false},"excerpt":{"rendered":"<p>[vc_row][vc_column css_animation=&#8221;fadeInDown&#8221;][vc_row_inner][vc_column_inner][vc_empty_space height=&#8221;128px&#8221; alter_height=&#8221;large&#8221; hide_on_mobile=&#8221;&#8221;][vc_empty_space height=&#8221;128px&#8221; alter_height=&#8221;large&#8221; hide_on_mobile=&#8221;&#8221;][\/vc_column_inner][\/vc_row_inner][\/vc_column][\/vc_row][vc_row][vc_column width=&#8221;7\/12&#8243;][vc_images_carousel images=&#8221;1512,1513,1514&#8243; img_size=&#8221;600&#215;400&#8243; mode=&#8221;vertical&#8221; autoplay=&#8221;yes&#8221; hide_prev_next_buttons=&#8221;yes&#8221; wrap=&#8221;yes&#8221;][vc_empty_space alter_height=&#8221;medium&#8221; hide_on_mobile=&#8221;&#8221;][\/vc_column][vc_column width=&#8221;5\/12&#8243;][vc_empty_space alter_height=&#8221;medium&#8221; hide_on_mobile=&#8221;&#8221;][vc_images_carousel images=&#8221;1516,1517,1518&#8243; img_size=&#8221;500&#215;700&#8243; mode=&#8221;vertical&#8221; autoplay=&#8221;yes&#8221; hide_prev_next_buttons=&#8221;yes&#8221; wrap=&#8221;yes&#8221;][\/vc_column][\/vc_row][vc_row][vc_column][\/vc_column][\/vc_row][vc_row][vc_column][vc_empty_space height=&#8221;1080x&#8221; alter_height=&#8221;huge&#8221; hide_on_mobile=&#8221;&#8221;][vc_empty_space alter_height=&#8221;medium&#8221; hide_on_mobile=&#8221;&#8221;][vc_empty_space alter_height=&#8221;huge&#8221; hide_on_mobile=&#8221;&#8221;][vc_empty_space alter_height=&#8221;medium&#8221; hide_on_mobile=&#8221;&#8221;][\/vc_column][\/vc_row][vc_row][vc_column][vc_empty_space alter_height=&#8221;large&#8221; hide_on_mobile=&#8221;&#8221;][\/vc_column][\/vc_row][vc_row][vc_column][vc_masonry_media_grid element_width=&#8221;12&#8243; grid_id=&#8221;vc_gid:1754902857310-a2177d53a71dd68d4a6ed22c05cc2fb2-10&#8243; include=&#8221;1646&#8243;][\/vc_column][\/vc_row][vc_row][vc_column][vc_empty_space alter_height=&#8221;huge&#8221; hide_on_mobile=&#8221;&#8221;][\/vc_column][\/vc_row]<\/p>\n","protected":false},"author":1,"featured_media":0,"parent":0,"menu_order":0,"comment_status":"closed","ping_status":"closed","template":"","meta":{"_gspb_post_css":"","footnotes":""},"class_list":["post-164","page","type-page","status-publish","hentry"],"_links":{"self":[{"href":"https:\/\/rogowskikrawiectwo.pl\/index.php\/wp-json\/wp\/v2\/pages\/164","targetHints":{"allow":["GET"]}}],"collection":[{"href":"https:\/\/rogowskikrawiectwo.pl\/index.php\/wp-json\/wp\/v2\/pages"}],"about":[{"href":"https:\/\/rogowskikrawiectwo.pl\/index.php\/wp-json\/wp\/v2\/types\/page"}],"author":[{"embeddable":true,"href":"https:\/\/rogowskikrawiectwo.pl\/index.php\/wp-json\/wp\/v2\/users\/1"}],"replies":[{"embeddable":true,"href":"https:\/\/rogowskikrawiectwo.pl\/index.php\/wp-json\/wp\/v2\/comments?post=164"}],"version-history":[{"count":12,"href":"https:\/\/rogowskikrawiectwo.pl\/index.php\/wp-json\/wp\/v2\/pages\/164\/revisions"}],"predecessor-version":[{"id":1664,"href":"https:\/\/rogowskikrawiectwo.pl\/index.php\/wp-json\/wp\/v2\/pages\/164\/revisions\/1664"}],"wp:attachment":[{"href":"https:\/\/rogowskikrawiectwo.pl\/index.php\/wp-json\/wp\/v2\/media?parent=164"}],"curies":[{"name":"wp","href":"https:\/\/api.w.org\/{rel}","templated":true}]}}