{"id":1477,"date":"2025-08-05T12:51:35","date_gmt":"2025-08-05T10:51:35","guid":{"rendered":"http:\/\/serwer341089.lh.pl\/autoinstalator\/serwer341089.lh.pl\/wordpress109543\/?page_id=1477"},"modified":"2025-08-12T15:18:01","modified_gmt":"2025-08-12T13:18:01","slug":"galeria-8","status":"publish","type":"page","link":"https:\/\/rogowskikrawiectwo.pl\/index.php\/galeria-8\/","title":{"rendered":"Galeria"},"content":{"rendered":"<div class=\"wpb-content-wrapper\"><p>[vc_row][vc_column][vc_separator style=&#8221;double&#8221; border_width=&#8221;2&#8243;][vc_empty_space alter_height=&#8221;small&#8221; hide_on_mobile=&#8221;&#8221;]<div id=\"sc_title_1438128697\"\n\t\tclass=\"sc_title sc_title_default\"><h3 class=\"sc_item_title sc_title_title sc_align_center sc_item_title_style_style_h1\">Garnitury wizytowe & biznesowe<\/h3><div class=\"sc_item_subtitle_container  sc_align_center sc_item_title_style_style_h1\"><h6 class=\"sc_item_subtitle sc_title_subtitle sc_item_title_style_style_h1\">sukces skrojony na miar\u0119<\/h6><\/div><\/div><!-- \/.sc_title -->[vc_empty_space alter_height=&#8221;small&#8221; hide_on_mobile=&#8221;&#8221;][vc_separator style=&#8221;double&#8221; border_width=&#8221;2&#8243;][\/vc_column][\/vc_row][vc_row][vc_column][vc_empty_space alter_height=&#8221;large&#8221; hide_on_mobile=&#8221;&#8221;][\/vc_column][\/vc_row][vc_row][vc_column][vc_empty_space alter_height=&#8221;large&#8221; hide_on_mobile=&#8221;&#8221;][\/vc_column][\/vc_row][vc_row][vc_column width=&#8221;1\/3&#8243;][vc_single_image image=&#8221;1608&#8243; img_size=&#8221;large&#8221;][\/vc_column][vc_column width=&#8221;1\/3&#8243;][vc_single_image image=&#8221;1689&#8243; img_size=&#8221;large&#8221;][\/vc_column][vc_column width=&#8221;1\/3&#8243;][vc_single_image image=&#8221;1544&#8243; img_size=&#8221;large&#8221;][\/vc_column][\/vc_row][vc_row][vc_column][vc_empty_space alter_height=&#8221;medium&#8221; hide_on_mobile=&#8221;&#8221;][\/vc_column][\/vc_row][vc_row][vc_column width=&#8221;5\/12&#8243;][vc_column_text]<\/p>\n<div style=\"max-width: 700px; font-size: 17px; line-height: 1.8; font-family: 'Georgia', serif; color: #2e2e2e;\">\n<h4><strong>JAKO\u015a\u0106, WYKONANIE, DETALE, MI\u0141A I FACHOWA OBS\u0141UGA<\/strong><\/h4>\n<p>&nbsp;<\/p>\n<p>W Rogowski Manufaktura Krawiecka oferujemy garnitury wizytowe oraz garnitury biznesowe szyte z najwy\u017cszej jako\u015bci tkanin od renomowanych producent\u00f3w z W\u0142och i Wielkiej Brytanii. Nasze modele \u0142\u0105cz\u0105 ponadczasowy styl, profesjonalny wizerunek oraz wygod\u0119 noszenia \u2013 idealne na spotkania biznesowe, konferencje, uroczysto\u015bci i codzienn\u0105 prac\u0119 w biurze.<\/p>\n<p>W ofercie znajdziesz garnitury jednorz\u0119dowe, dwurz\u0119dowe, kroje slim fit i tailored fit, dost\u0119pne zar\u00f3wno w wersji gotowej, jak i w opcji szycia na miar\u0119. Oferujemy ponad 5000 rodzaj\u00f3w tkanin \u2013 od klasycznych g\u0142adkich we\u0142en, przez eleganckie pr\u0105\u017cki, po subtelne mikrowzory.<\/p>\n<p>Nasi do\u015bwiadczeni doradcy wizerunkowi pomog\u0105 dobra\u0107 garnitur, kt\u00f3ry podkre\u015bli Twoj\u0105 sylwetk\u0119 i nada Ci pewno\u015bci siebie. Dzi\u0119ki precyzyjnemu wykonaniu i dopasowaniu, ka\u017cdy garnitur od Rogowski Manufaktura gwarantuje nienaganny wygl\u0105d przez ca\u0142y dzie\u0144.<\/p>\n<p style=\"font-style: italic; color: #777; margin-bottom: 25px;\">Wybieraj\u0105c marynark\u0119 szyt\u0105 na miar\u0119, wybierasz pewno\u015b\u0107 siebie i ponadczasowy styl \u2013 nie tylko na wyj\u0105tkowe okazje.<\/p>\n<\/div>\n<p>[\/vc_column_text][\/vc_column][vc_column width=&#8221;7\/12&#8243;][vc_single_image image=&#8221;1612&#8243; img_size=&#8221;large&#8221; alignment=&#8221;right&#8221;][\/vc_column][vc_column][vc_empty_space alter_height=&#8221;large&#8221; hide_on_mobile=&#8221;&#8221;][vc_masonry_media_grid style=&#8221;lazy&#8221; grid_id=&#8221;vc_gid:1755004602849-adc4031073566b86238eb890ffe672ce-10&#8243; include=&#8221;1622,1621,1613,1598,1599,1601&#8243;][vc_empty_space alter_height=&#8221;medium&#8221; hide_on_mobile=&#8221;&#8221;][vc_empty_space alter_height=&#8221;medium&#8221; hide_on_mobile=&#8221;&#8221;][\/vc_column][\/vc_row][vc_row full_width=&#8221;stretch_row_content&#8221; equal_height=&#8221;yes&#8221; content_placement=&#8221;middle&#8221; scheme=&#8221;dark&#8221; css=&#8221;.vc_custom_1755004674250{background-color: #202126 !important;background-position: center !important;background-repeat: no-repeat !important;background-size: cover !important;}&#8221;][vc_column][vc_empty_space alter_height=&#8221;medium&#8221; hide_on_mobile=&#8221;&#8221;][vc_column_text]<\/p>\n<h1 style=\"text-align: center;\"><strong>Precyzja i kunszt starego rzemios\u0142a<\/strong><\/h1>\n<p>[\/vc_column_text][vc_empty_space alter_height=&#8221;medium&#8221; hide_on_mobile=&#8221;&#8221;][\/vc_column][\/vc_row][vc_row][vc_column][vc_empty_space alter_height=&#8221;medium&#8221; hide_on_mobile=&#8221;&#8221;][vc_empty_space alter_height=&#8221;medium&#8221; hide_on_mobile=&#8221;&#8221;][vc_row_inner][vc_column_inner width=&#8221;1\/3&#8243;][vc_single_image image=&#8221;1560&#8243; img_size=&#8221;large&#8221;][\/vc_column_inner][vc_column_inner width=&#8221;1\/3&#8243;][vc_single_image image=&#8221;1546&#8243; img_size=&#8221;large&#8221;][\/vc_column_inner][vc_column_inner width=&#8221;1\/3&#8243;][vc_single_image image=&#8221;1614&#8243; img_size=&#8221;large&#8221;][\/vc_column_inner][\/vc_row_inner][vc_empty_space alter_height=&#8221;medium&#8221; hide_on_mobile=&#8221;&#8221;][vc_row_inner][vc_column_inner width=&#8221;7\/12&#8243;][vc_single_image image=&#8221;1602&#8243; img_size=&#8221;large&#8221;][\/vc_column_inner][vc_column_inner width=&#8221;5\/12&#8243;][vc_column_text]<\/p>\n<div style=\"max-width: 700px; font-size: 17px; line-height: 1.8; font-family: 'Georgia', serif; color: #2e2e2e;\">\n<p style=\"font-size: 20px; font-weight: bold; margin-bottom: 15px;\">Dlaczego warto postawi\u0107 na marynark\u0119 szyt\u0105 na miar\u0119?<\/p>\n<p>Szycie garnitur\u00f3w na miar\u0119 to inwestycja w perfekcyjny wygl\u0105d, komfort i indywidualny styl. W Rogowski Manufaktura ka\u017cdy garnitur, marynarka, p\u0142aszcz, kamizelka czy te\u017c spodnie powstaj\u0105 w oparciu o dok\u0142adne pomiary, dob\u00f3r najwy\u017cszej jako\u015bci tkanin oraz precyzyjne wyko\u0144czenie.<\/p>\n<p>1. Idealne dopasowanie do sylwetki<\/p>\n<p>Ubrania szyte na miar\u0119 s\u0105 projektowane tak, aby podkre\u015bla\u0142y atuty sylwetki i maskowa\u0142y ewentualne niedoskona\u0142o\u015bci. Brak fa\u0142d, nadmiaru materia\u0142u czy kr\u0119puj\u0105cych szw\u00f3w gwarantuje swobod\u0119 ruchu i perfekcyjn\u0105 prezencj\u0119.<\/p>\n<p>2. Pe\u0142na personalizacja<\/p>\n<p>Masz wp\u0142yw na ka\u017cdy detal \u2013 od wyboru tkaniny, przez kr\u00f3j i rodzaj konstrukcji (od klasycznych po full canvas), a\u017c po dodatki takie jak guziki, podszewki czy hafty. Tw\u00f3j garnitur b\u0119dzie jedyny w swoim rodzaju.<\/p>\n<p>3. Najwy\u017csza jako\u015b\u0107 i trwa\u0142o\u015b\u0107<\/p>\n<p>Wykorzystujemy ponad 5000 rodzaj\u00f3w tkanin od najlepszych \u015bwiatowych producent\u00f3w. Ka\u017cdy element jest szyty z dba\u0142o\u015bci\u0105 o szczeg\u00f3\u0142y, co zapewnia wieloletni\u0105 trwa\u0142o\u015b\u0107 i odporno\u015b\u0107 na intensywne u\u017cytkowanie.<\/p>\n<p>Rogowski Manufaktura Krawiecka \u2013 garnitury biznesowe i wizytowe szyte na miar\u0119 w Warszawie i \u0141omiankach<\/p>\n<div><\/div>\n<p style=\"font-style: italic; color: #777; margin-bottom: 25px;\">Wybieraj\u0105c marynark\u0119 szyt\u0105 na miar\u0119, wybierasz pewno\u015b\u0107 siebie i ponadczasowy styl \u2013 nie tylko na wyj\u0105tkowe okazje.<\/p>\n<\/div>\n<p>[\/vc_column_text][\/vc_column_inner][vc_column_inner][vc_empty_space alter_height=&#8221;medium&#8221; hide_on_mobile=&#8221;&#8221;][vc_empty_space alter_height=&#8221;medium&#8221; hide_on_mobile=&#8221;&#8221;][vc_empty_space alter_height=&#8221;medium&#8221; hide_on_mobile=&#8221;&#8221;][\/vc_column_inner][\/vc_row_inner][vc_masonry_media_grid style=&#8221;lazy&#8221; grid_id=&#8221;vc_gid:1755004606233-43d353926c637660f41c61e1cf40d5e9-7&#8243; include=&#8221;1622,1621,1620,1619,1617,1615&#8243;][\/vc_column][\/vc_row][vc_row][vc_column][vc_empty_space alter_height=&#8221;medium&#8221; hide_on_mobile=&#8221;&#8221;][vc_separator][\/vc_column][\/vc_row]<\/p>\n<\/div>","protected":false},"excerpt":{"rendered":"<p>[vc_row][vc_column][vc_separator style=&#8221;double&#8221; border_width=&#8221;2&#8243;][vc_empty_space alter_height=&#8221;small&#8221; hide_on_mobile=&#8221;&#8221;][vc_empty_space alter_height=&#8221;small&#8221; hide_on_mobile=&#8221;&#8221;][vc_separator style=&#8221;double&#8221; border_width=&#8221;2&#8243;][\/vc_column][\/vc_row][vc_row][vc_column][vc_empty_space alter_height=&#8221;large&#8221; hide_on_mobile=&#8221;&#8221;][\/vc_column][\/vc_row][vc_row][vc_column][vc_empty_space alter_height=&#8221;large&#8221; hide_on_mobile=&#8221;&#8221;][\/vc_column][\/vc_row][vc_row][vc_column width=&#8221;1\/3&#8243;][vc_single_image image=&#8221;1608&#8243; img_size=&#8221;large&#8221;][\/vc_column][vc_column width=&#8221;1\/3&#8243;][vc_single_image image=&#8221;1689&#8243; img_size=&#8221;large&#8221;][\/vc_column][vc_column width=&#8221;1\/3&#8243;][vc_single_image image=&#8221;1544&#8243; img_size=&#8221;large&#8221;][\/vc_column][\/vc_row][vc_row][vc_column][vc_empty_space alter_height=&#8221;medium&#8221; hide_on_mobile=&#8221;&#8221;][\/vc_column][\/vc_row][vc_row][vc_column width=&#8221;5\/12&#8243;][vc_column_text] JAKO\u015a\u0106, WYKONANIE, DETALE, MI\u0141A I FACHOWA OBS\u0141UGA &nbsp; W Rogowski Manufaktura Krawiecka oferujemy garnitury wizytowe oraz garnitury biznesowe szyte z najwy\u017cszej jako\u015bci tkanin od renomowanych producent\u00f3w z W\u0142och i Wielkiej Brytanii. Nasze modele \u0142\u0105cz\u0105 ponadczasowy&hellip;<\/p>\n","protected":false},"author":1,"featured_media":0,"parent":0,"menu_order":0,"comment_status":"closed","ping_status":"closed","template":"","meta":{"_gspb_post_css":"","footnotes":""},"class_list":["post-1477","page","type-page","status-publish","hentry"],"_links":{"self":[{"href":"https:\/\/rogowskikrawiectwo.pl\/index.php\/wp-json\/wp\/v2\/pages\/1477","targetHints":{"allow":["GET"]}}],"collection":[{"href":"https:\/\/rogowskikrawiectwo.pl\/index.php\/wp-json\/wp\/v2\/pages"}],"about":[{"href":"https:\/\/rogowskikrawiectwo.pl\/index.php\/wp-json\/wp\/v2\/types\/page"}],"author":[{"embeddable":true,"href":"https:\/\/rogowskikrawiectwo.pl\/index.php\/wp-json\/wp\/v2\/users\/1"}],"replies":[{"embeddable":true,"href":"https:\/\/rogowskikrawiectwo.pl\/index.php\/wp-json\/wp\/v2\/comments?post=1477"}],"version-history":[{"count":10,"href":"https:\/\/rogowskikrawiectwo.pl\/index.php\/wp-json\/wp\/v2\/pages\/1477\/revisions"}],"predecessor-version":[{"id":1718,"href":"https:\/\/rogowskikrawiectwo.pl\/index.php\/wp-json\/wp\/v2\/pages\/1477\/revisions\/1718"}],"wp:attachment":[{"href":"https:\/\/rogowskikrawiectwo.pl\/index.php\/wp-json\/wp\/v2\/media?parent=1477"}],"curies":[{"name":"wp","href":"https:\/\/api.w.org\/{rel}","templated":true}]}}