{"id":1117,"date":"2020-10-07T08:51:32","date_gmt":"2020-10-07T08:51:32","guid":{"rendered":"http:\/\/serwer341089.lh.pl\/autoinstalator\/serwer341089.lh.pl\/wordpress109543\/?page_id=1117"},"modified":"2025-08-12T17:32:20","modified_gmt":"2025-08-12T15:32:20","slug":"roland","status":"publish","type":"page","link":"https:\/\/rogowskikrawiectwo.pl\/index.php\/roland\/","title":{"rendered":"Zak\u0142ad produkcyjny Roland\u00ae"},"content":{"rendered":"<div class=\"wpb-content-wrapper\"><p>[vc_row css_animation=&#8221;fadeInDown&#8221;][vc_column][vc_separator style=&#8221;double&#8221; border_width=&#8221;2&#8243;][vc_empty_space alter_height=&#8221;small&#8221; hide_on_mobile=&#8221;&#8221;]<div id=\"sc_title_1291421402\"\n\t\tclass=\"sc_title sc_title_default\"><h3 class=\"sc_item_title sc_title_title sc_align_center sc_item_title_style_style_h1\">Roland \u00ae<\/h3><div class=\"sc_item_subtitle_container  sc_align_center sc_item_title_style_style_h1\"><h6 class=\"sc_item_subtitle sc_title_subtitle sc_item_title_style_style_h1\">Kr\u00f3tko o naszym zak\u0142adzie!<\/h6><\/div><\/div><!-- \/.sc_title -->[vc_empty_space alter_height=&#8221;small&#8221; hide_on_mobile=&#8221;&#8221;][vc_separator style=&#8221;double&#8221; border_width=&#8221;2&#8243;][vc_empty_space alter_height=&#8221;small&#8221; hide_on_mobile=&#8221;&#8221;][\/vc_column][\/vc_row][vc_row][vc_column width=&#8221;1\/2&#8243;][vc_empty_space alter_height=&#8221;small&#8221; hide_on_mobile=&#8221;&#8221;][vc_empty_space hide_on_mobile=&#8221;&#8221;][vc_images_carousel images=&#8221;1493&#8243; img_size=&#8221;500&#215;275&#8243;][\/vc_column][vc_column width=&#8221;1\/2&#8243;][vc_empty_space alter_height=&#8221;small&#8221; hide_on_mobile=&#8221;&#8221;][vc_empty_space hide_on_mobile=&#8221;&#8221;]<div id=\"sc_title_853821953\"\n\t\tclass=\"sc_title sc_title_default\"><h3 class=\"sc_item_title sc_title_title sc_align_center sc_item_title_style_default\">Roland \u00ae<\/h3><div class=\"sc_item_subtitle_container  sc_align_center sc_item_title_style_default\"><h6 class=\"sc_item_subtitle sc_title_subtitle sc_item_title_style_default\">Nasz zak\u0142ad, nasza duma<\/h6><\/div><div class=\"sc_item_descr sc_title_descr sc_align_center\">W 1990 roku Andrzej Rogowski za\u0142o\u017cy\u0142 zak\u0142ad produkcyjny Roland, kt\u00f3ry do dzi\u015b pozostaje jednym z filar\u00f3w naszej dzia\u0142alno\u015bci. To tutaj powstaj\u0105 wszystkie nasze projekty \u2013 od konstrukcji, przez szycie, a\u017c po wyko\u0144czenie \u2013 w 100% w Polsce, z udzia\u0142em polskiego zespo\u0142u.<br \/>\nRoland to nie tylko zak\u0142ad \u2013 to miejsce, w kt\u00f3rym tradycja spotyka si\u0119 z technologi\u0105, a rzemios\u0142o z jako\u015bci\u0105 ,miejsce, w kt\u00f3rym do dzi\u015b realizujemy produkcj\u0119 odzie\u017cy m\u0119skiej na najwy\u017cszym poziomie. To tu powstaj\u0105 zar\u00f3wno nasze kolekcje w\u0142asne, jak i zam\u00f3wienia zewn\u0119trzne \u2013 szyte w ca\u0142o\u015bci w Polsce, przez do\u015bwiadczony zesp\u00f3\u0142 krawc\u00f3w, technolog\u00f3w i konstruktor\u00f3w.<\/p>\n<p>Roland  to podstawa naszego zaplecza technicznego i dow\u00f3d na to, \u017ce produkcja w Polsce mo\u017ce i powinna by\u0107 synonimem jako\u015bci.<\/div><\/div><!-- \/.sc_title -->[vc_empty_space alter_height=&#8221;medium&#8221; hide_on_mobile=&#8221;&#8221;]<div class=\"sc_item_button sc_button_wrap sc_align_center\"><a href=\"\/index.php\/zaklad\/\" id=\"sc_button_782235958\" class=\"sc_button sc_button_default sc_button_size_normal sc_button_icon_left\"><span class=\"sc_button_text sc_align_center\"><span class=\"sc_button_title\">Dowiedz si\u0119 wi\u0119cej!<\/span><\/span><!-- \/.sc_button_text --><\/a><!-- \/.sc_button --><\/div><!-- \/.sc_item_button -->[\/vc_column][\/vc_row]<\/p>\n<\/div>","protected":false},"excerpt":{"rendered":"<p>[vc_row css_animation=&#8221;fadeInDown&#8221;][vc_column][vc_separator style=&#8221;double&#8221; border_width=&#8221;2&#8243;][vc_empty_space alter_height=&#8221;small&#8221; hide_on_mobile=&#8221;&#8221;][vc_empty_space alter_height=&#8221;small&#8221; hide_on_mobile=&#8221;&#8221;][vc_separator style=&#8221;double&#8221; border_width=&#8221;2&#8243;][vc_empty_space alter_height=&#8221;small&#8221; hide_on_mobile=&#8221;&#8221;][\/vc_column][\/vc_row][vc_row][vc_column width=&#8221;1\/2&#8243;][vc_empty_space alter_height=&#8221;small&#8221; hide_on_mobile=&#8221;&#8221;][vc_empty_space hide_on_mobile=&#8221;&#8221;][vc_images_carousel images=&#8221;1493&#8243; img_size=&#8221;500&#215;275&#8243;][\/vc_column][vc_column width=&#8221;1\/2&#8243;][vc_empty_space alter_height=&#8221;small&#8221; hide_on_mobile=&#8221;&#8221;][vc_empty_space hide_on_mobile=&#8221;&#8221;][vc_empty_space alter_height=&#8221;medium&#8221; hide_on_mobile=&#8221;&#8221;][\/vc_column][\/vc_row]<\/p>\n","protected":false},"author":1,"featured_media":0,"parent":0,"menu_order":0,"comment_status":"closed","ping_status":"closed","template":"","meta":{"_gspb_post_css":"","footnotes":""},"class_list":["post-1117","page","type-page","status-publish","hentry"],"_links":{"self":[{"href":"https:\/\/rogowskikrawiectwo.pl\/index.php\/wp-json\/wp\/v2\/pages\/1117","targetHints":{"allow":["GET"]}}],"collection":[{"href":"https:\/\/rogowskikrawiectwo.pl\/index.php\/wp-json\/wp\/v2\/pages"}],"about":[{"href":"https:\/\/rogowskikrawiectwo.pl\/index.php\/wp-json\/wp\/v2\/types\/page"}],"author":[{"embeddable":true,"href":"https:\/\/rogowskikrawiectwo.pl\/index.php\/wp-json\/wp\/v2\/users\/1"}],"replies":[{"embeddable":true,"href":"https:\/\/rogowskikrawiectwo.pl\/index.php\/wp-json\/wp\/v2\/comments?post=1117"}],"version-history":[{"count":8,"href":"https:\/\/rogowskikrawiectwo.pl\/index.php\/wp-json\/wp\/v2\/pages\/1117\/revisions"}],"predecessor-version":[{"id":1737,"href":"https:\/\/rogowskikrawiectwo.pl\/index.php\/wp-json\/wp\/v2\/pages\/1117\/revisions\/1737"}],"wp:attachment":[{"href":"https:\/\/rogowskikrawiectwo.pl\/index.php\/wp-json\/wp\/v2\/media?parent=1117"}],"curies":[{"name":"wp","href":"https:\/\/api.w.org\/{rel}","templated":true}]}}